s digit of 29227506?
0
What is the hundreds digit of 34990160?
1
What is the units digit of 73799039?
9
What is the ten millions digit of 13357038?
1
What is the tens digit of 10520027?
2
What is the hundred thousands digit of 731703655?
7
What is the thousands digit of 193378725?
8
What is the ten millions digit of 5900477560?
0
What is the thousands digit of 4217159670?
9
What is the thousands digit of 2432805390?
5
What is the thousands digit of 93332422?
2
What is the ten millions digit of 1417949034?
1
What is the millions digit of 159128378?
9
What is the thousands digit of 185635463?
5
What is the millions digit of 465916107?
5
What is the units digit of 439513569?
9
What is the thousands digit of 1372931544?
1
What is the units digit of 971715386?
6
What is the tens digit of 104019964?
6
What is the ten thousands digit of 70174652?
7
What is the hundreds digit of 29663283?
2
What is the ten thousands digit of 318232885?
3
What is the hundreds digit of 180138484?
4
What is the ten millions digit of 2856945722?
5
What is the units digit of 19494933?
3
What is the hundred millions digit of 3291616561?
2
What is the ten millions digit of 87818430?
8
What is the hundred thousands digit of 146300646?
3
What is the hundred thousands digit of 493037184?
0
What is the hundreds digit of 30741929?
9
What is the thousands digit of 3291650893?
0
What is the millions digit of 67532233?
7
What is the tens digit of 467946677?
7
What is the hundreds digit of 86058330?
3
What is the hundreds digit of 1648149978?
9
What is the ten thousands digit of 40333554?
3
What is the hundred thousands digit of 57089644?
0
What is the hundreds digit of 1096448478?
4
What is the hundred millions digit of 305595851?
3
What is the hundred thousands digit of 783959146?
9
What is the tens digit of 102249617?
1
What is the tens digit of 3535944159?
5
What is the billions digit of 2360691953?
2
What is the units digit of 593849087?
7
What is the ten millions digit of 132461080?
3
What is the millions digit of 180186766?
0
What is the hundred thousands digit of 201495867?
4
What is the billions digit of 1902688133?
1
What is the ten millions digit of 71470033?
7
What is the hundreds digit of 295366131?
1
What is the billions digit of 3158077650?
3
What is the thousands digit of 853358635?
8
What is the thousands digit of 302783204?
3
What is the hundred millions digit of 386884978?
3
What is the tens digit of 325587241?
4
What is the hundred thousands digit of 52692234?
6
What is the millions digit of 136316418?
6
What is the hundred thousands digit of 359981616?
9
What is the units digit of 2765710249?
9
What is the hundred thousands digit of 1143644535?
6
What is the hundred thousands digit of 3355606278?
6
What is the millions digit of 274560902?
4
What is the hundreds digit of 731210645?
6
What is the hundred millions digit of 828983667?
8
What is the thousands digit of 59012201?
2
What is the hundreds digit of 266901208?
2
What is the ten millions digit of 3946967506?
4
What is the hundreds digit of 462694843?
8
What is the hundred millions digit of 262079762?
2
What is the ten thousands digit of 73004555?
0
What is the tens digit of 15189330?
3
What is the billions digit of 1850624670?
1
What is the hundred millions digit of 4043269768?
0
What is the ten thousands digit of 66397493?
9
What is the millions digit of 1158959498?
8
What is the hundreds digit of 191059689?
6
What is the ten thousands digit of 3254643259?
4
What is the hundred thousands digit of 35021802?
0
What is the hundred thousands digit of 171716043?
7
What is the units digit of 41117312?
2
What is the thousands digit of 4099591086?
1
What is the millions digit of 4521878709?
1
What is the billions digit of 1319032480?
1
What is the ten millions digit of 569031170?
6
What is the hundreds digit of 1614520535?
5
What is the units digit of 3939920362?
2
What is the hundred millions digit of 439830608?
4
What is the units digit of 540009936?
6
What is the tens digit of 739464605?
0
What is the millions digit of 263908327?
3
What is the millions digit of 82179242?
2
What is the millions digit of 299860554?
9
What is the units digit of 1386719331?
1
What is the tens digit of 44708659?
5
What is the ten thousands digit of 471001481?
0
What is the hundred millions digit of 727635990?
7
What is the tens digit of 37929979?
7
What is the ten millions digit of 112264878?
1
What is the ten millions digit of 4006708480?
0
What is the hundreds digit of 243831399?
3
What is the ten thousands digit of 306738999?
3
What is the thousands digit of 123620284?
0
What is the units digit of 532179132?
2
What is the hundred thousands digit of 441109420?
1
What is the thousands digit of 39339361?
9
What is the ten millions digit of 297072695?
9
What is the tens digit of 23642987?
8
What is the hundred millions digit of 185201637?
1
What is the hundred thousands digit of 19780276?
7
What is the ten millions digit of 42227062?
4
What is the units digit of 1495867?
7
What is the tens digit of 52533335?
3
What is the hundred thousands digit of 52113595?
1
What is the ten millions digit of 97335518?
9
What is the ten thousands digit of 409856730?
5
What is the tens digit of 251828411?
1
What is the tens digit of 13222399?
9
What is the thousands digit of 866644949?
4
What is the ten millions digit of 178671635?
7
What is the ten millions digit of 3058064288?
5
What is the ten thousands digit of 347601203?
0
What is the hundred thousands digit of 1195436692?
4
What is the tens digit of 1556515985?
8
What is the ten thousands digit of 977812070?
1
What is the hundred thousands digit of 6409439?
4
What is the millions digit of 1097674528?
7
What is the ten millions digit of 2515958934?
1
What is the hundreds digit of 6066065095?
0
What is the ten millions digit of 301085657?
0
What is the ten thousands digit of 91892375?
9
What is the tens digit of 333151457?
5
What is the tens digit of 21954534?
3
What is the ten millions digit of 1659878823?
5
What is the ten millions digit of 424199010?
2
What is the thousands digit of 4064151213?
1
What is the tens digit of 1565426?
2
What is the ten thousands digit of 66930445?
3
What is the tens digit of 368518346?
4
What is the hundred millions digit of 2698860006?
6
What is the thousands digit of 3540369?
0
What is the ten thousands digit of 9442264511?
6
What is the hundreds digit of 6016396?
3
What is the hundred millions digit of 1362810651?
3
What is the units digit of 60649256?
6
What is the millions digit of 4120969132?
0
What is the units digit of 419353330?
0
What is the millions digit of 17191209?
7
What is the hundreds digit of 109276781?
7
What is the thousands digit of 5365495041?
5
What is the millions digit of 5922114?
5
What is the tens digit of 1469553469?
6
What is the hundred millions digit of 120242698?
1
What is the hundred millions digit of 130941909?
1
What is the hundreds digit of 77340361?
3
What is the ten millions digit of 95531177?
9
What is the units digit of 242380233?
3
What is the ten thousands digit of 1691406427?
0
What is the units digit of 227980623?
3
What is the units digit of 2089169978?
8
What is the tens digit of 43144773?
7
What is the hundreds digit of 52962528?
5
What is the units digit of 3028759677?
7
What is the hundred thousands digit of 85242762?
2
What is the ten millions digit of 1680003916?
8
What is the thousands digit of 17382917?
2
What is the ten millions digit of 337639096?
3
What is the units digit of 360311871?
1
What is the hundreds digit of 82386719?
7
What is the hundred millions digit of 4746045312?
7
What is the hundred thousands digit of 7497065390?
0
What is the hundreds digit of 1873526431?
4
What is the tens digit of 103279704?
0
What is the millions digit of 35363670?
5
What is the ten thousands digit of 386075624?
7
What is the units digit of 58468628?
8
What is the ten millions digit of 183627365?
8
What is the thousands digit of 9205902?
5
What is the hundred thousands digit of 179332435?
3
What is the hundred thousands digit of 289833824?
8
What is the hundreds digit of 559316407?
4
What is the thousands digit of 11009236?
9
What is the units digit of 141765693?
3
What is the millions digit of 536832398?
6
What is the